59 + (-58 - -64).
-89
99 + (88 - 179) + -1 + (0 + 60 - 1)
66
50 - (46 + -78 + 51)
31
Evaluate -43 + (3 + -2 - -6) + (67 - -9 - 78).
-38
What is the value of 1 + -30 + (-56 - (-22 - 25))?
-38
Evaluate 4 + (9 - 2) + -9 + -13 + 2 + 1.
-8
Calculate (-3 - -22) + -57 + -3 + 1.
-40
Calculate -50 - (-25 + 19 + -6 + -4 - -11).
-45
What is -64 + (-11 - (20 + -37) - -16)?
-42
Calculate -17 - -68 - (-26 + (25 - 0)).
52
Calculate -8 + (-14 - -33) + 9.
20
Evaluate (-3 - (2 - 3)) + (-13 - 4 - -28).
9
-31 + (58 - 21) - (0 + (-3 - 3))
12
Evaluate 40 - (15 + -12 + 32 + -56).
61
What is the value of (1376 - 1318) + 1 + -17?
42
-32 + (5 - (44 + -54))
-17
Calculate (876 - 886) + (-21 + -5 + 3 - 2).
-35
What is the value of 13 + -9 + (-119 + 48 - (1 + 16)) + 8?
-76
Calculate 15 - (-2 + 2) - (82 + -133 + 134).
-68
-7 + (-2 + 12 + -19 - -40)
24
Calculate -25 - (-17 + (28 - -5) - (4 + -2 - -4)).
-35
Evaluate (1 + -12 - (-37 - (29 - 18) - -9)) + 6.
34
Evaluate 27 + -26 + 79 + -42.
38
Calculate (9 - 21) + 32 - (-6 + -30 + 2).
54
What is the value of 5 - (2 - 2) - (-82 - (-45 + 41))?
83
What is -20 - -25 - (-5 + 8 + 0 - 7) - -5?
14
What is the value of -10 - (-14 - -2) - 70 - (-12 - (-9 - 0))?
-65
Calculate -58 - (-18 - 47) - (-50 + (5 + -2 - 0)).
54
Calculate -20 + (-13 + 19 - (-9 + 41)).
-46
Calculate (53 - 40) + -18 + -1 + -18.
-24
Evaluate 0 + (8 + (9 - 16) - -27).
28
What is the value of (-16 - 14) + (5 - 1) + 70?
44
(9310 + -9267 - (2 + -11 + 2 + -2)) + 0
52
Evaluate 6 - -53 - (1 + -1 + -7 + (-52 - -57)).
61
Evaluate 143 + (-1 - (-111 + 370)).
-117
What is the value of (10 - -50) + 9 - (1 + -3 + 6 + -8)?
73
What is (-6 - -3 - -27) + -3 - (-109 - -113)?
17
Calculate -7 - (-9 + -12 + 9 + 24).
-19
Calculate 12 - (-10 + (38 - (5 - 22))).
-33
16 - (-47 - (6 + -41))
28
Evaluate 17 + (20 + -6 - (38 - (-6 - -19))) - 102.
-96
Calculate (3 - (-13 - -11 - -14)) + 8 + -86.
-87
Calculate 251 + -259 + 33 + 0 - 17.
8
What is (2 - 1) + 86 + (-44 + 107 - (-30 + 97))?
83
Calculate (20 - (9 + -7) - 15) + 0 + 0 + -51.
-48
Calculate -74 - (2 - 12 - (98 + -73)).
-39
Evaluate (-2 - 33 - -42) + -3 + 22.
26
Evaluate 13 + (-22 - (14 - (22 + (-9 - 0)))) - 96.
-106
What is 11 - 4 - (3 - 1 - 20 - 42)?
67
Calculate 57 + -20 - ((4 - (-4 - -6)) + 6).
29
-25 - (0 + (46 - 25) - 36)
-10
What is the value of -28 + 20 - 92 - -49?
-51
What is the value of (2 - (3 + -14)) + (-41 + 16 - -45)?
33
What is -6 + -2 + (-22 - (0 - 17 - (-533 + 469)))?
-77
What is the value of (5 - -10) + (2 + 1 - 0) - -24?
42
Calculate -47 - (-6 - (2 - 3)).
-42
9 + (-4 - (21 + -33)) + (2 - (-5 - 5))
29
-51 + 0 + 2016 + -2013 - -29
-19
-10 - ((3 - 3) + -34 + (54 - 54))
24
What is the value of 23 + 87 - (-2 - (12 - 5))?
119
Evaluate -96 - (12 - (8 - (-19 + -9))).
-72
Calculate (-114 + -1 - -2) + (5 - 33 - (679 + -707)).
-113
Calculate (10 - (-19 - -34 - 3)) + (0 - (35 - 2)).
-35
What is the value of -45 - ((23 - 20 - 26) + 1)?
-23
-1 - (-2 + 6 + -1) - (9 - 23 - -5)
5
Calculate (57 - (-28 - -113)) + -18 + 0 + -8 + 1.
-53
What is (14 - -1) + (-40 - 10)?
-35
What is the value of 16 + 74 - (369 + -292)?
13
Calculate 49 + -55 - 12 - (31 + 2).
-51
(-20 - -1) + 16 + -1 + (4 - 0)
0
Calculate (-3 + -14 - (2 + -16)) + (2 - -2) + 62.
63
What is (53 - -1) + (3 - (1 + -9) - 21)?
44
What is 53 + -6 - ((-18 - 0) + -26 + 24)?
67
(-5 - -2) + 88 + (60 - 31) + -19 + 4
99
What is 5 - (38 - 72 - ((0 - -4) + -12 + 6))?
37
Calculate -28 + 19 + 3 + -3 - (-1 + -14).
6
(13 - (1 - 1 - (-7 - -17))) + 14
37
Evaluate (12 - (-7 - (14 + -6) - -15)) + -18.
-6
What is the value of 30 - (-4 + 20 - 24 - 6)?
44
Evaluate 19 + -2 + -2 + 5 - (266 - 266).
20
What is the value of 57 + -67 - (-74 + 40) - (10 - -1)?
13
Evaluate -8 + (91 - 55) - 101.
-73
(2 - (8 + -3)) + 72 + (-43 - (10 - 51))
67
Evaluate -62 + -22 - (0 - (1 - -28)).
-55
Calculate (-2564 - -2561) + (-1 + -12 - (2 - -1) - 2).
-21
(-496 - -544) + (-1 - 87)
-40
What is 81 - ((-4 - -8 - -8) + (24 - (6 + 30)))?
81
-36 + 34 - (-40 - (-4 + -20))
14
Calculate -7 + 15 + 0 + (32 - 4) + 28 + -32.
32
-302 + 221 - (-42 - (3 - -1))
-35
-22 - (6 + 0 + -48) - 51
-31
-18 - (18 - (52 + -12) - -3)
1
Evaluate 39 - (((-59 - -105) + -36 - (20 - 0)) + 8).
41
Calculate 59 + 8 + (179 - 268).
-22
What is -91 + (31 + -35 - (3 - (-1 - -22)))?
-77
-150 + 191 + (-2 - 22)
17
Evaluate 28 + (-77 - -65) + -16.
0
Evaluate 315 + -343 - (-2 - (-102 + -7)).
-135
What is -2 + 0 - -41 - (9 - 33 - -37 - 28)?
54
What is 70 + (-69 - -193) - 100?
94
What is 54 + -52 - (1 + -2 + 10 + -17)?
10
What is the value of (-22 - -2 - -105) + -8 + (12 + -7 - 11)?
71
Calculate -1158 - -1164 - (4 + (-20 - -4)).
18
-34 - 61 - (-6 + (4 + -7 - -29))
-115
What is the value of -7 + -19 + (-2 - -16) + (45 - 3)?
30
Evaluate 4600 + -4585 + -68 + 0.
-53
What is (3 + 6 + 16 - 17) + 13 + -1?
20
0 - -7 - ((-107 - -63) + 36)
15
Evaluate (1 - -83) + -1959 + 1943 + (2 - 5).
65
Calculate -8 + -5 + (4 - 5) + (14 - -35).
35
What is (9 + 9 - (5 + 7)) + 8 + 13?
27
What is (5 - 25) + (-9 - -25)?
-4
Calculate -13 + (-19 + -47 - -46) + 128 + -1.
94
Evaluate 10 + 61 + -44 - 62.
-35
What is the value of 32 + (-17 - (10 + -32 + 15))?
22
-117 - -32 - 8 - (-36 - -15)
-72
What is 3 - (96 + (58 - 80))?
-71
What is the value of -73 + (114 + -70 - 2)?
-31
Evaluate (2 - (-68 + -28 - -16)) + -24.
58
Calculate (-6 + 2 - 3) + (-146 + 59 - -174).
80
Evaluate 3 + -9 + (-10 - (14 - 14) - -23).
7
What is 35 - 31 - (36 - 68)?
36
Evaluate (-186 - 2) + (1260 - 1148).
-76
What is the value of (-30 - (9 + -42)) + (4 - -11)?
18
(105 - 2) + (671 - 736)
38
Calculate -370 + 140 + 143 + 37 + 1.
-49
Evaluate 15 - (-64 + 94 + 25 + -9 + 6).
-37
Evaluate 20 + 100 + -89 + (-6 - (5 + -7)).
27
Evaluate 11 - (-104 + 45 + 126).
-56
(-4 - -1) + 13 + 570 + -573 + -29
-22
What is the value of 80 - 39 - (-10 + 8 + 2 + -5)?
46
Calculate 3 + (5 - 9) + -48 + 9 + -20.
-60
Calculate (-4 - -5) + -12 + (8 + -19 - -74).
52
What is (-1 - (12 - 1)) + 242 + -233 + 71 + -14?
54
Evaluate 45 - (-260 + 252 - (-28 - 1)).
24
Evaluate -8 - (-18 - -14) - (-45 - (-4 + 0)).
37
What is 8 + 1 + 6 - (31 - (-3 - -23))?
4
What is 27 + -7 - (35 + (5 - -30))?
-50
What is the value of 0 + -8 - (72 + 38 + -74 + -12)?
-32
-23134 + 23270 - (-3 - -3 - (-3 - 2))
131
Evaluate 27 - 75 - 7 - -47 - -12.
4
Evaluate (-22 + 19 - (-10 - (-4 + 2))) + 27.
32
Calculate -192 + (34 - -13) + 86.
-59
Calculate 19 - (-15 + 3 + 0 + (101 - 108)).
38
Calculate (1 - -3 - 74) + (-38 + -5 + -6 - -37).
-82
3 - -1 - (-97 + 11 - -143)
-53
Evaluate (-1 - (16 + 0 + 50 + 19)) + -15.
-101
Evaluate -3 - -41 - ((-54 - -113) + -44).
23
What is (-1005 - -1034) + (-12 - -6 - -15) - (-1 + -9)?
48
What is the value of (-16 - (24 - 0)) + -9 + 3?
-46
Calculate (-7 - -13 - 18) + (-29 - (-13 + -2)).
-26
What is the value of (-15 - 3 - -13) + 75 + 13?
83
Calculate (-5 - 2) + -19 + 17 + -16 + 1.
-24
Evaluate (-17 - (39 + -6)) + -12 + -12.
-74
What is the value of 19 + -25 + (-2 - (0 + -22) - 7) + -29?
-22
(0 - 11) + (-8 + -1 - -9) + -67 + -14
-92
What is the value of -39 - (-58 + 94 - 58)?
-17
-4 + (2 - -6) + (6 - 1) + -34 + 28
3
What is 112 + 78 + -108 + (3 - 4)?
81
What is the value of -29 + 10 + 10 + -4 + 7?
-6
Evaluate 61 + -132 + 14 + 2.
-55
Evaluate -117 + 133 - (32 - 17).
1
Calculate 2 + -47 + (9 - 18 - (-9 + 4 + -9)).
-40
What is the value of (19781 - 19950) + (122 - -1)?
-46
What is the value of -8 + 7 + -1 - -7 - (113 + -60)?
-48
What is (7 + 5 - (26 + 0)) + -6 + -8 + 1?
-27
Calculate -2 - -2 - -88 - (-73 + 248 + -164).
77
Calculate 27 + -22 + (-1 - (-2 - 5) - (-85 + 120)).
-24
What is (0 - -83) + (771 + -796 + -1 + 25 - 12)?
70
Evaluate 117 - (-43 - -82 - (-19 - -28)).
87
What is -14 - (-6 - -3) - (-2931 + 2942)?
-22
What is (4 - (15 + 2 + -53) - -2) + -2?
40
What is the value of (36 - (-10 + 31)) + (-15 - (8 + (6 - 11)))?
-3
What is 141 + -75 + (42 - 157)?
-49
What is -2 + -3 + -81 + (42 - 46 - 50)?
-140
Calculate -8 - 81 - (436 + -498).
-27
Evaluate -8 + (5 - 5) + (8 + -19 - -22) + -12.
-9
Evaluate -23 - 0 - -45 - 21.
1
-31 + -32 + 13 + 18
-32
What is (-17 - 32) + 26 + 30?
7
What is the value of -1 + -15 + (43 - (-76 + 143))?
-40
What is (10 - 35) + (75 - 37)?
13
Evaluate -2 - (-5 - (-4 + 2)) - (1861 + -1933).
73
Evaluate -1 - -40 - (4308 + -4152).
-117
Evaluate -14 - -2 - (-52 - 